2 + 0*l**2. List the prime factors of t(-2).
11
Let f = -113 - -167. Let i = 21 + f. List the prime factors of i.
3, 5
Let z(r) = r**3 - 6*r**2 + 6*r - 6. Let u be z(5). What are the prime factors of -24*(-56)/12 + 2 + u?
113
Let h be (4/(-5))/((-6)/45). What are the prime factors of (3 + 43/3)/(4/h)?
2, 13
Let x = 12 - -87. Let w be (2 - 116/(-6))*-3. Let t = x + w. What are the prime factors of t?
5, 7
Let f be (522/(-4))/((-9)/12). Let d be f/45 - 6/(-45). Suppose 19 + 129 = d*r. List the prime factors of r.
37
Let q = -1150 + 1620. What are the prime factors of q?
2, 5, 47
Let p = 742 + -84. List the prime factors of p.
2, 7, 47
Let u = -35 - -35. Suppose -3*i + 4*w + 94 + 536 = u, -w + 217 = i. Suppose 5*z - 5*n = -n + i, -z - 5*n + 66 = 0. What are the prime factors of z?
2, 23
Suppose 3*c + 17 = -100. Let q be (-2)/(-3) - 325/c. Suppose 6*d - q*d = -66. What are the prime factors of d?
2, 11
Let o(y) = 9*y - 65. List the prime factors of o(30).
5, 41
Let j be (-290)/(-4)*(-16)/(-20). Suppose -2*v = -334 + j. Suppose 4*x + 4*i = 192, 5*x + i = 2*x + v. What are the prime factors of x?
3, 5
List the prime factors of 5 + ((-3688)/(-4) - (-3 + 8)).
2, 461
Let s(v) = 11*v**2 - v - 1. Let d be s(-1). Let b(c) = c - 7. Let k be b(d). Suppose 122 = 5*u + k*w + 1, -5*w - 1 = -u. What are the prime factors of u?
3, 7
Let u(w) = 8*w - 3. Suppose -4*s + 0*k + 27 = 3*k, -37 = -4*s - 5*k. Suppose -1 + 10 = s*m. What are the prime factors of u(m)?
3, 7
Suppose -z - 4*v + 50 = -48, 185 = 2*z - 3*v. What are the prime factors of z?
2, 47
Suppose 0 = 5*r + 5*w - 25, 2*r + 6 = -0*w + 2*w. Let k be (r + -16)/(4/(-12)). Let a = k + -13. What are the prime factors of a?
2
Let h(n) = -13*n**3 - 5*n**2 - 22. List the prime factors of h(-6).
2, 1303
Let k be (4 + -1)*4/3. Suppose k*q - 23 = 21. Let g(o) = 4*o + 13. What are the prime factors of g(q)?
3, 19
Let w = -4407 - -6170. What are the prime factors of w?
41, 43
Suppose -76*x + 68*x - 112 = 0. What are the prime factors of 7728/49 - 4/x?
2, 79
What are the prime factors of (-50102)/(-42) + (-10)/(-105)?
1193
Let i(x) = 23*x**3 + 5*x**2 - 21*x + 90. What are the prime factors of i(4)?
2, 19, 41
Suppose 4*y = -0*y - 12. Let k be 1*-4*(-4 - y). Suppose k*r - 109 = g, 5*r - 2*g + g = 137. List the prime factors of r.
2, 7
Suppose i + 0*i = -19. Let m = 12 - i. Let h = m - 2. List the prime factors of h.
29
Let a(j) = -57*j + 6. Let d be a(-1). List the prime factors of (d/(-28))/(6/(-128)).
2, 3
Let h(n) = 6*n - 23. Let y be h(11). Suppose -y = -3*x + 53. List the prime factors of x.
2
Let q(j) = 1368*j + 69. What are the prime factors of q(1)?
3, 479
Let a be 45/(-6)*4/(-6). Suppose 3*y + 4*f - 60 = 0, 0 = a*y - 3*f - f - 100. Suppose 3*i = r - y, i + 3*i = -4*r + 128. What are the prime factors of r?
29
Let n(l) be the first derivative of l**4/4 + 4*l**3/3 - l**2/2 - 3*l - 41. What are the prime factors of n(2)?
19
Suppose t + 5*s = s, -5*t + 75 = 5*s. What are the prime factors of (-12)/(-20) - (-3388)/t?
2, 5, 17
Let q be (-12)/5*(-105)/42. Let y(o) = -o**3 + 8*o**2 - 8*o + 8. List the prime factors of y(q).
2
Let k = -112 - -116. Suppose -k*c - 8*p + 5*p + 252 = 0, c + 5*p = 80. List the prime factors of c.
2, 3, 5
Let a(s) = -s**3 - 13*s**2 + 13*s - 17. Let f be a(-14). List the prime factors of (81/4)/(f/(-16)).
2, 3
Let s(f) = f**3 + 4*f**2 - 4*f + 7. Let v be -6 - 3*(-4)/12. Let q be s(v). List the prime factors of 9 + 40 - q*1.
47
What are the prime factors of (-38360)/105*(-3)/2?
2, 137
Suppose -4719 = 23*y - 38092. What are the prime factors of y?
1451
Let m = 94 - -106. Suppose r = -4*q + 107, -3*q - m = -2*r - 4*q. What are the prime factors of r?
3, 11
Suppose 4*x - 870 = -x. Suppose -3*c + x = -5*p + 52, 181 = 4*c - 3*p. List the prime factors of c.
7
What are the prime factors of (-1460)/4*-69*(-16)/(-120)?
2, 23, 73
Let y be -3*5/(-3) - 21. Let s = 54 + y. List the prime factors of s.
2, 19
Let x be ((-81)/4)/(1/4). Let s = x + -71. List the prime factors of s/(-12)*6/4.
19
Let j(f) be the third derivative of 9*f**5/2 + f**3/6 + 2*f**2. List the prime factors of j(1).
271
Let k = -382 - -768. What are the prime factors of k?
2, 193
Let q(f) = 52*f**2 - 7*f + 8. List the prime factors of q(2).
2, 101
Suppose 0 = -22*p + 9260 + 662. List the prime factors of p.
11, 41
Let o be 2/(-4) - 115/10. Let m = 27 - o. What are the prime factors of m?
3, 13
Suppose 5*v = p + 1 + 9, -p - 4*v = -17. Suppose 3*j - 7 = -p*h, 2*j - 6 = j + 2*h. Suppose j*d - 50 = -k - 0*k, k - 3*d - 64 = 0. List the prime factors of k.
2, 29
Let v(l) = 3*l**2 - 39*l + 43. Let c(n) = -n**2 + 19*n - 21. Let r(f) = 5*c(f) + 2*v(f). What are the prime factors of r(10)?
251
Let t be (-5)/(1 - 2) - (2 - 1). Suppose 4*u - 5*q - 280 = -0*q, 2*q = -t*u + 280. List the prime factors of u.
2, 5, 7
Suppose 1744 = 4*j + 6*n - 2*n, 4*n - 8 = 0. List the prime factors of j.
2, 7, 31
Let g(q) = -q**2 + 23*q + 62. Let p be g(25). Suppose -256 = 8*f - p*f. What are the prime factors of f?
2
Let k = 81 - 42. Suppose -11 = 4*l + 49. Let s = l + k. List the prime factors of s.
2, 3
Suppose 349 = v + 5*k, k = 4*v - 2*k - 1304. Suppose 0 = 3*u - 5*c - v, 4*u - c - 396 = 71. What are the prime factors of u?
2, 59
Suppose -12*t + h - 805 = -17*t, -4*t + 663 = -3*h. What are the prime factors of t?
2, 3
Suppose -59*r + 58*r + 54 = 0. Suppose 158 = 2*h + r. What are the prime factors of h?
2, 13
Suppose -4*z + 2*z = -2*j + 232, 0 = j + 4*z - 96. Let b = j - 29. List the prime factors of b.
83
Let s(d) = 2*d**2 + 22*d + 65. List the prime factors of s(-20).
5, 17
Let v(d) = 2 + 2 + 6*d + d**2 + 2. Let u be v(-6). List the prime factors of -3 + u + 23 + 1.
3
Suppose 5184 + 17216 = 25*x. What are the prime factors of x?
2, 7
Suppose -32 = f - 35. Suppose 91 = 4*o - f*o. What are the prime factors of o?
7, 13
Let j(h) = 47*h**2 - h + 1. What are the prime factors of j(3)?
421
Let q be (-47)/3*(-1 - 2). Let j be 5516/(-420) - (-6)/45. Let p = q + j. What are the prime factors of p?
2, 17
List the prime factors of 2/1*-2 + (382 - 76).
2, 151
Suppose 10*j - 51410 = -9780. What are the prime factors of j?
23, 181
Suppose -18*d + 41*d = 0. Let v = 0 - -2. Suppose v*a - a - 5 = d. What are the prime factors of a?
5
Suppose 0 = l + 5*l - 12. Suppose -l*z - 10 = -5*w + z, 2*z - 2 = -w. Suppose -2*r - 2*r - 26 = -w*v, 3*v - 34 = r. List the prime factors of v.
11
Suppose -3*k + 2*j + 19 = 0, 4*k - j = -2*j + 7. Let t(p) = -k - 3 - p + 2 + 3*p**2 + 3. What are the prime factors of t(4)?
43
Let h = 115 - 105. Let a(i) = i**2 + 6*i + 3. What are the prime factors of a(h)?
163
Let q = -103 + 152. Let j = q + -37. List the prime factors of j.
2, 3
Let l(t) = -t**3 - 5*t**2 + 10*t + 29. Let j be l(-6). List the prime factors of j/((-5)/(-3)) + (-438)/(-3).
149
Let w(z) = z + 12. Let i = -18 + 10. Let v be w(i). Suppose -v*t = 4*b + b - 43, 2*b - t = 12. What are the prime factors of b?
7
Let x(q) = -q - 112. Let v be x(0). Let c = v - -237. Suppose -5*j - 5*y = -3*j - 71, -5*j - 2*y = -c. List the prime factors of j.
23
Let j(d) = d**3 + 13*d**2 - 3*d - 10. Let k be j(-10). Suppose 4*y = 3*z + 225, -5*y + k = z + 3*z. List the prime factors of y.
2, 3, 5
Suppose 0 = -0*j - 2*j + r + 709, -4*j - 2*r = -1398. What are the prime factors of j?
2, 11
Suppose 0 = 2*y - 2*n + 50, y + 5 = -0*n + 5*n. Let q(g) = -12*g + 127. Let k be q(11). Let o = k - y. What are the prime factors of o?
5
List the prime factors of 1 + 6 + -16 + 126.
3, 13
What are the prime factors of -1*(-14)/(-119) + 615960/136?
7, 647
Let p(r) = 30 - 2 + 12 - 8 - 3*r. List the prime factors of p(10).
2
Suppose 5*g - 30 = 5*b, -g = b - 1 + 3. Suppose l = -4*n - 20, -g*n = -4*l - 4*n - 10. What are the prime factors of 11 + (-4)/2 + l?
3
Let h(w) = w**2 - 26*w + 45. List the prime factors of h(32).
3, 79
Let w(c) = 22*c**2 - c + 5. Let p be w(3). Suppose -2*u = -4*d - 6*u + p, 2*u - 265 = -5*d. What are the prime factors of d?
5, 11
Let q = -434 + 1009. List the prime factors of q.
5, 23
Let m be (1*6)/((-12)/(-8)). Let r be (18/(-4) + m)*0. Suppose 12 = 2*y - 5*n - 37, r = 2*n - 2. List the prime factors of y.
3
Let a(x) = -9*x + 9. Let z(v) = -v - 1. Let j(l) = -a(l) - z(l). Let f(t) = -t**3 + 2*t**2 + 